(u) = 9*u**2 + 5*u + 14. Let o(s) = -b(s) + 4*w(s). Determine o(0).
-6
Let d(a) be the first derivative of -10*a**2 - 2*a - 141. What is d(-2)?
38
Let y = 25 + -20. Let j(o) = -2*o + 4. Let q(a) = -a + 5. Let v(n) = y*q(n) - 6*j(n). Determine v(-1).
-6
Suppose -26*f + 24*f - 16 = 0. Let u(a) = a**3 + 9*a**2 + 5*a - 18. Determine u(f).
6
Let a(o) be the first derivative of o**2 - 3*o + 68. Calculate a(-6).
-15
Let y(p) = -3*p**2 - 4*p + 4. Let t(q) = -4*q**3 + 104*q**2 - 2*q + 48. Let s be t(26). Give y(s).
-28
Let h = 2134 - 2131. Let t(m) = -3*m**3 + m + 2. What is t(h)?
-76
Let w be (-66)/10 + 20/(-50) + (-20 - -16). Let o(c) = 3 + 6 + 0*c + c. What is o(w)?
-2
Let p(m) = 9*m - 1. Let n(g) = 3*g**2 + g**3 + 1 - 188*g + 188*g. Let k be n(-3). Calculate p(k).
8
Let l(t) = 2*t**3 - 3*t**2 + 3*t + 1. Let z(r) = -2*r**2. Let s(v) = l(v) - z(v). Give s(2).
19
Suppose 4*r - 3*j - 8 = -7*j, -3*j + 14 = 5*r. Let h be (r/(-6))/((-2)/12). Let t(u) be the first derivative of 3*u**2/2 - 5*u - 8. Determine t(h).
7
Let o(m) = 5*m - 9. Let i(v) = -1 + 488*v + 1 - 487*v. Let y(r) = 6*i(r) - o(r). What is y(-7)?
2
Let a(g) = -g + 9. Let t be (-2)/(-3) - 125/(-15). Let p be t*(-6)/(-9) + 1 + -3. Calculate a(p).
5
Let c(m) = -m**2 - 7*m - 7. Let u be (-10 - -2)/4 + (-13 - -9). Give c(u).
-1
Let v(l) = -8*l - 3. Let z(f) = -1 - 6 + 11 + 7*f. Let p(t) = -2*t**2 + 3*t + 3. Let r be p(3). Let u(k) = r*v(k) - 7*z(k). Give u(-7).
-3
Let r(p) = 1 + 2*p - 5 - 26*p**2 + 1 + 25*p**2 + 5. What is r(2)?
2
Let f(j) be the third derivative of j**5/60 - 7*j**4/24 + j**3/2 - 107*j**2. Calculate f(5).
-7
Suppose -i - 1 = -4. Suppose 3*s + 2*q + 3*q = 32, 0 = 5*s - i*q - 42. Let y be 0*(6/s + -1). Let f(k) = -k**2 - 3. Determine f(y).
-3
Let m(q) = 2*q**3 - q. Let w(f) = -f**3 - 2*f**2 + 4*f + 4. Suppose -2*t = -3*t + 5. Let o be (-5)/25 + (-14)/t. Let k be w(o). Give m(k).
1
Let d(m) = 2*m + 3. Let q(t) = -t**2 + 2*t + 20. Let u be q(-4). Determine d(u).
-5
Let l(t) = 6*t + 0*t - 4 + 11 - 4*t. Determine l(-9).
-11
Let f(j) = -2*j**3 + 14*j**2 - 4*j - 6. Let d(h) = -2*h**3 + 15*h**2 - 5*h - 7. Let r(i) = -4*d(i) + 5*f(i). Calculate r(5).
-2
Let l(m) = -6*m**2 - 4*m - 4. Let t be (-4)/3 - 2/(-6). Let r(p) = -87 - 3*p**2 + 2*p**2 + 86. Let v(i) = t*l(i) + 2*r(i). Give v(-2).
10
Suppose -18 = 2*h - 5*h. Let b be 7/(-35) + (-31)/(-5). Let p(g) = -23*g**2 + 28*g**2 + b*g - g**3 + 8 - 10. Give p(h).
-2
Suppose 4*f + y + 36 = -4*y, y = -4. Let t be (f - 1)*(-8)/10. Let o(w) = 2*w + 4. What is o(t)?
12
Let i(a) be the second derivative of -a**5/20 + 3*a**4/4 + 11*a**3/6 + 13*a**2/2 + 491*a. Calculate i(10).
23
Suppose 21 = -4*p + 5*h - 0*h, 3*h = p + 14. Let w(s) = s - 2*s + 2*s - 3*s. Give w(p).
-2
Let f(d) = d**3 + 7*d**2 - 2*d - 9. Suppose v + 2 + 3 = 0, 0 = 3*r + 4*v + 8. Let i be (1 - 2)*r*7/4. Determine f(i).
5
Suppose -r = 4*r + 5. Suppose w + 9 = 15. Let v(n) = w*n - 5*n - 4*n**2 + 2 - 1. Determine v(r).
-4
Suppose 4*j - 2*t = 2, 3*j + 2*j + 5*t = 40. Suppose -3*k = -6*k + j*s + 6, 0 = -4*k + s + 14. Let a(i) = i**3 - 5*i**2 + 4*i - 6. Give a(k).
-6
Let c = 142 - 144. Let o(a) = a**2 + 0*a**2 + 1 + 0*a**2 + a**3. Let s(m) = 9*m**3 + 9*m**2 + 2*m + 6. Let u(w) = -6*o(w) + s(w). What is u(c)?
-16
Let h(z) = 2*z + 4*z - 7*z + 8*z**2 + 6 - 9*z**2. Calculate h(0).
6
Let c(k) = k + 6*k**2 - 13 + 73*k**3 - 147*k**3 + 3*k**2 + 73*k**3. Calculate c(9).
-4
Let x(b) = -2*b**2 - 2*b - 1. Let f(z) = 15*z**2 + 11*z + 4. Let k(q) = -f(q) - 6*x(q). Give k(3).
-22
Let b(z) = z + 5 + 5 - 12 - 1 - 4*z**2 + z**3. Let g(d) = -d + 4. Let n be g(-6). Let t = -7 + n. Determine b(t).
-9
Let y(i) = i**2 + i + 0 + 8 - 12 + 8. Let o = -9 + 10. Let n be 0/(o + 9/(-3)). Calculate y(n).
4
Let n(r) = r + 17. Let h(o) = -4*o - 58. Let l(q) = -6*h(q) - 21*n(q). Suppose 4*z - 14 = 10. Determine l(z).
9
Let d(b) be the third derivative of 0*b - 1/6*b**3 - 1/8*b**4 - 1/60*b**5 + 0 + 6*b**2. Let x = 6 - 8. What is d(x)?
1
Let o = -2 + 5. Let w(v) = v**3 - v**2 - 4*v + 1. Let j be w(o). Let f(d) = j*d - d**2 - 1 + 2*d**2 + 2 + 1. Give f(-7).
2
Let y(j) = j**2 - 5*j - 4. Suppose 0 = 2*p - 9*p + 35. Suppose 3*z + 6 + 9 = 0, 5*z + p = -4*o. Determine y(o).
-4
Let b(q) = 4*q - 2. Let i = 138 - 294. Let h = -153 - i. What is b(h)?
10
Let z(p) = 5*p**2 + 32*p - 14. Let t be z(-7). Let a(m) = -m**3 + 6*m**2 + 10*m - 5. What is a(t)?
16
Let w(p) = 3*p + 11. Let s(d) = -4*d - 16. Let q(c) = 5*s(c) + 7*w(c). Suppose -5*y + y + 12 = 0. Give q(y).
0
Suppose 2*b + 3*m = -3, 0*m - 5 = b - 2*m. Let g(t) = -8 + 7*t + 0*t - 3*t. Let v(f) = f - 1. Let w(h) = g(h) - 5*v(h). What is w(b)?
0
Suppose -4*o + 3*o = -14. Let r = 25 - o. Let x(i) = -r*i**3 - 2*i + i - i**3. Give x(-1).
13
Let t(w) be the second derivative of w**5/20 + w**4/2 + w**3/2 - 3*w**2 + 478*w. Calculate t(-3).
12
Let b(g) = 5*g**3 + g**2 - 2. Let u = -608 + 610. What is b(u)?
42
Let r(n) = n**3 + 2*n**2 - 4*n. Let q = 84 + -87. Let k be r(q). Let d(j) = -j. Let v(l) = l**2 - 8*l + 4. Let u(x) = -2*d(x) + v(x). Determine u(k).
-5
Let y(n) = n - 3. Let t(w) = w**2 - 10*w + 12. Let p be t(9). Suppose p = 2*h - 9. Give y(h).
3
Let o be (3 + 28/(-12))*9. Let a(d) = -d**2 - d + 1. Let h(u) = 5*u**2 + 13*u - 9. Let i(j) = -6*a(j) - h(j). What is i(o)?
-3
Let z(q) = q**2 + 3*q + 3. Let l = 27 + -32. Let v(x) = x**3 + 5*x**2 + x + 2. Let r be v(l). Give z(r).
3
Let s(t) = -13*t - 229. Let j be s(-18). Let x(n) = 2*n - 4. Give x(j).
6
Suppose 30 = -27*b + 22*b. Let i(c) = -5*c**3 + 11*c**2 + 10*c - 6. Let w(o) = -14*o**3 + 33*o**2 + 30*o - 18. Let f(h) = b*w(h) + 17*i(h). What is f(-10)?
6
Let q(u) = -u**3 - 2*u**3 + u**3 - 1 + u**2 + u**2. Suppose 0 = 2*f + 8 + 6. Let j be (-1)/(-1) - (f + 7). What is q(j)?
-1
Suppose -5*o + 143 - 8 = 0. Suppose -25*k = -o*k - 12. Let n(p) = p**3 + 6*p**2 + 6. What is n(k)?
6
Let g(h) = -h - 16. Let n(l) = l + 16. Let w(u) = -4*g(u) - 3*n(u). Let m(v) = v + 8. Let y(t) = 5*m(t) - 3*w(t). What is y(6)?
4
Let a(u) be the third derivative of u**6/120 + u**5/20 - u**4/24 + 5*u**3/6 - 6*u**2 + 19. Calculate a(-3).
8
Suppose -2*d = 4*i + 58 - 128, 0 = -4*i + 5*d + 77. Let j(b) = -b**3 + 17*b**2 + 16*b + 33. Calculate j(i).
-3
Let o = 53 + -41. Let f(q) = -9*q**2 - 2 + o*q**2 + 35*q**3 - 34*q**3 - 2*q. Give f(-3).
4
Let o(u) = u**2 - 15*u + 21. Let m = -382 + 396. Determine o(m).
7
Let x(h) be the third derivative of -h**4/24 - 5*h**3/6 + 88*h**2. Calculate x(-3).
-2
Let b(z) = z**3 - 2*z**2 + 11*z**2 + 9 - 8*z - z**2. Let v be (-75)/9 - (-8)/(-12). Determine b(v).
0
Let r(i) = i**2 + 4*i - 9. Let k be 11*(-3 + 6 + -2). Suppose -v = -5*f - 5 + k, v + 6 = -f. Let c be r(v). Let g(a) = -a**2 + a - 1. Give g(c).
-7
Let r(t) be the first derivative of -t**3/3 - 2*t**2 - 2. Let j(h) = -11*h + 193. Let u be j(18). What is r(u)?
-5
Let j(t) = -5*t + 40*t**2 - 36*t**2 - 5*t**2. Determine j(-3).
6
Let b(z) = z + 1. Suppose 6*r - 2*r - 220 = 0. Suppose -n - r = -6*n. Let p = n - 11. What is b(p)?
1
Suppose -4*o = -4*j - 96, 0 = o - 4*o - 4*j + 79. Suppose 49*z - 44*z = o. Let b(c) = -c**2 + 7*c - 7. What is b(z)?
3
Let w(j) = -5 - 2*j + 6 - j + 6*j**3 + 2*j + 28*j**3. Give w(1).
34
Let h(t) = t**3 + 10*t**2 + 9*t + 5. Let x be h(-9). Let u(o) = -11*o - 2*o + 3*o + x*o. What is u(-3)?
15
Let u = -250 + 248. Let i(q) = -q**3 + 2*q**2 - 2*q - 1. Determine i(u).
19
Let h(f) be the second derivative of 7*f**3/6 + 5*f**2/2 - 2*f + 17. Determine h(-6).
-37
Suppose -5*y + y - 2 = -2*w, -2*w + 2*y = -4. Let o(l) = -w*l - 4 + 2 + 7*l**2 - 6*l**2. Suppose 3 + 1 = 2*s. Give o(s).
-4
Let x(i) = i**3 - 8*i**2 - 9*i + 2. Let g be x(9). Let y(u) = 6 + g*u**3 - u**2 - 4 - 4 + 1. What is y(2)?
11
Let z(a) = 10*a - 4 + 14*a - 42*a + 17*a. What is z(-8)?
4
Suppose -3*s - s = -12. Let q(b) = 3649*b - 2*b**2 + b**2 - 3646*b. Give q(s).
0
Let v = -1088 + 1076. Let f(r) = r**3 + 13*r**2 + 9*r - 7. Determine f(v).
29
Let t(j) = -j**3 + j**2 + j + 24. Let x be 5/(-100)*-2 + 7/(-70). Determine t(x).
24
Let k(t) = -5*t**2 + 21*t - 1. Let f(q) = q**2 - 4*q. Let x(d) = -11*f(d) - 2*k(d). Let b(c) = -c**2 - 1 + 1 - 4*c + 1. Let y be b(-3). Determine x(y).
-6
Let h(d) = 3*d + 6. Let a(j) = 6*j - 2. Let n be a(3). Let i = n + -11. Suppose 4 = -i*t - 26. Determine h(t).
-12
Suppose 0 = -4